{"id":106,"date":"2014-05-28T07:33:09","date_gmt":"2014-05-28T07:33:09","guid":{"rendered":"http:\/\/saravida.org.br\/portal\/?page_id=106"},"modified":"2014-05-28T07:33:09","modified_gmt":"2014-05-28T07:33:09","slug":"institucional","status":"publish","type":"page","link":"http:\/\/5.189.177.133\/index.php\/institucional\/","title":{"rendered":"Institucional"},"content":{"rendered":"<div id=\"pl-106\"  class=\"panel-layout\" >\n<div id=\"pg-106-0\"  class=\"panel-grid panel-no-style\" >\n<div id=\"pgc-106-0-0\"  class=\"panel-grid-cell\"  data-weight=\"1\" >\n<div id=\"panel-106-0-0-0\" class=\"so-panel widget widget_sow-editor panel-first-child panel-last-child\" data-index=\"0\" >\n<div class=\"so-widget-sow-editor so-widget-sow-editor-base\">\n<div class=\"siteorigin-widget-tinymce textwidget\">\n<h1 style=\"font-weight: lighter; color: #4466ff;\"><\/h1>\n<p style=\"text-align: justify;\"><a href=\"http:\/\/5.189.177.133\/wp-content\/uploads\/2014\/05\/Saravida_Centro-1.jpg\"><img loading=\"lazy\" decoding=\"async\" class=\"alignleft size-medium wp-image-449\" src=\"http:\/\/5.189.177.133\/wp-content\/uploads\/2014\/05\/Saravida_Centro-1-300x225.jpg\" alt=\"Saravida_Centro\" width=\"300\" height=\"225\" srcset=\"http:\/\/5.189.177.133\/wp-content\/uploads\/2014\/05\/Saravida_Centro-1-300x225.jpg 300w, http:\/\/5.189.177.133\/wp-content\/uploads\/2014\/05\/Saravida_Centro-1-768x576.jpg 768w, http:\/\/5.189.177.133\/wp-content\/uploads\/2014\/05\/Saravida_Centro-1.jpg 960w\" sizes=\"auto, (max-width: 300px) 100vw, 300px\" \/><\/a>A Sociedade Assistencial Saravida, \u00e9 uma organiza\u00e7\u00e3o n\u00e3o governamental, sem fins lucrativos que trabalha com preven\u00e7\u00e3o, tratamento e reinser\u00e7\u00e3o de usu\u00e1rios de drogas e seus familiares, como co-dependentes e base de vida do ser humano, independente de sexo, idade, credo ou condi\u00e7\u00e3o social, de forma gratuita, tamb\u00e9m alerta a sociedade sobre a problem\u00e1tica do uso das drogas, seus efeitos, seus danos e como enfrentar a situa\u00e7\u00e3o.<\/p>\n<p style=\"text-align: justify;\">\u00c9 Institui\u00e7\u00e3o de direito desde 01 de julho de 2003, classificada como OSCIP &#8211; Organiza\u00e7\u00e3o da Sociedade Civil de Interesse P\u00fablico pelo Minist\u00e9rio da Justi\u00e7a, nasceu a partir da experi\u00eancia de uma fam\u00edlia que enfrentou o desafio de superar o uso de drogas e que sentiu a vontade de ajudar outras pessoas que passavam pelas mesmas dificuldades.<\/p>\n<p style=\"text-align: justify;\">Em posi\u00e7\u00e3o de destaque est\u00e1 a abordagem espiritual que \u00e9 realizada atrav\u00e9s da proje\u00e7\u00e3o da f\u00e9 em Deus, para otimiza\u00e7\u00e3o dos resultados esperados.<\/p>\n<h2 style=\"color: #666666; text-align: right;\">&#8220;N\u00f3s sabemos o verdadeiro valor de uma vida&#8230;&#8221;<\/h2>\n<p>&nbsp;<\/p>\n<hr \/>\n<p><a href=\"http:\/\/5.189.177.133\/wp-content\/uploads\/2014\/05\/FOTO_missao-1.png\"><img loading=\"lazy\" decoding=\"async\" class=\"alignleft  wp-image-278\" src=\"http:\/\/5.189.177.133\/wp-content\/uploads\/2014\/05\/FOTO_missao-1.png\" alt=\"FOTO_missao\" width=\"145\" height=\"150\" srcset=\"http:\/\/5.189.177.133\/wp-content\/uploads\/2014\/05\/FOTO_missao-1.png 295w, http:\/\/5.189.177.133\/wp-content\/uploads\/2014\/05\/FOTO_missao-1-290x300.png 290w\" sizes=\"auto, (max-width: 145px) 100vw, 145px\" \/><\/a><br \/>\nMISS\u00c3O<\/p>\n<p style=\"text-align: justify;\">Promover aos usu\u00e1rios de \u00e1lcool e outras drogas bem como os seus familiares, atendimento especializado e humanizado visando propiciar melhoria na qualidade de vida atrav\u00e9s de tratamento terap\u00eautico com enfoque bio-psico-socio-cultural-espiritual.<\/p>\n<p>&nbsp;<\/p>\n<hr \/>\n<p>&nbsp;<\/p>\n<p><img loading=\"lazy\" decoding=\"async\" class=\"alignleft  wp-image-279\" src=\"http:\/\/5.189.177.133\/wp-content\/uploads\/2014\/05\/FOTO_visao-1.png\" alt=\"FOTO_visao\" width=\"142\" height=\"144\" srcset=\"http:\/\/5.189.177.133\/wp-content\/uploads\/2014\/05\/FOTO_visao-1.png 297w, http:\/\/5.189.177.133\/wp-content\/uploads\/2014\/05\/FOTO_visao-1-295x300.png 295w\" sizes=\"auto, (max-width: 142px) 100vw, 142px\" \/>VIS\u00c3O<\/p>\n<p>Ser referencia em acolhimento, tratamento e ressocializa\u00e7\u00e3o de usu\u00e1rios de \u00e1lcool e outras drogas com uma vis\u00e3o human\u00edstica.<\/p><\/div>\n<\/div>\n<\/div>\n<\/div>\n<\/div>\n<div id=\"pg-106-1\"  class=\"panel-grid panel-no-style\"  data-style=\"{&quot;background_display&quot;:&quot;tile&quot;,&quot;cell_alignment&quot;:&quot;flex-start&quot;}\" >\n<div id=\"pgc-106-1-0\"  class=\"panel-grid-cell panel-grid-cell-empty\"  data-weight=\"0.33333333333333\" ><\/div>\n<div id=\"pgc-106-1-1\"  class=\"panel-grid-cell panel-grid-cell-empty panel-grid-cell-mobile-last\"  data-weight=\"0.33333333333333\" ><\/div>\n<div id=\"pgc-106-1-2\"  class=\"panel-grid-cell panel-grid-cell-empty\"  data-weight=\"0.33333333333333\" ><\/div>\n<\/div>\n<div id=\"pg-106-2\"  class=\"panel-grid panel-has-style\"  data-style=\"{&quot;background&quot;:&quot;#666666&quot;,&quot;background_image_attachment&quot;:false,&quot;background_display&quot;:&quot;tile&quot;,&quot;cell_alignment&quot;:&quot;flex-start&quot;}\" >\n<div class=\"panel-row-style panel-row-style-for-106-2\" >\n<div id=\"pgc-106-2-0\"  class=\"panel-grid-cell\"  data-weight=\"0.25\" >\n<div id=\"panel-106-2-0-0\" class=\"so-panel widget widget_counters-box panel-first-child panel-last-child\" data-index=\"1\" data-style=\"{&#34;background_image_attachment&#34;:false,&#34;background_display&#34;:&#34;tile&#34;}\" >\n<div class=\"thim-widget-counters-box thim-widget-counters-box-base\">\n<div id=\"counter_5954061a09ff2\" class=\"counter-box has-padding no-line\" >\n<div class=\"content-box-percentage\">\n<div class=\"counter-number\"><span class=\"before\"><\/span><span class=\"display-percentage\" data-to=\"1976\" data-speed=\"2000\" >1976<\/span><\/div>\n<div class=\"counter-label\"><span class=\"counter-box-content\">Atendimentos por M\u00eas no CAP<\/span><\/div>\n<\/div>\n<\/div>\n<\/div>\n<\/div>\n<\/div>\n<div id=\"pgc-106-2-1\"  class=\"panel-grid-cell panel-grid-cell-empty\"  data-weight=\"0.25\" ><\/div>\n<div id=\"pgc-106-2-2\"  class=\"panel-grid-cell panel-grid-cell-empty panel-grid-cell-mobile-last\"  data-weight=\"0.25\" ><\/div>\n<div id=\"pgc-106-2-3\"  class=\"panel-grid-cell panel-grid-cell-empty\"  data-weight=\"0.25\" ><\/div>\n<\/div>\n<\/div>\n<div id=\"pg-106-3\"  class=\"panel-grid panel-no-style\"  data-style=\"{&quot;background_display&quot;:&quot;tile&quot;,&quot;cell_alignment&quot;:&quot;flex-start&quot;}\" >\n<div id=\"pgc-106-3-0\"  class=\"panel-grid-cell panel-grid-cell-empty\"  data-weight=\"0.33333333333333\" ><\/div>\n<div id=\"pgc-106-3-1\"  class=\"panel-grid-cell panel-grid-cell-empty panel-grid-cell-mobile-last\"  data-weight=\"0.33333333333333\" ><\/div>\n<div id=\"pgc-106-3-2\"  class=\"panel-grid-cell panel-grid-cell-empty\"  data-weight=\"0.33333333333333\" ><\/div>\n<\/div>\n<\/div>\n","protected":false},"excerpt":{"rendered":"<p>A Sociedade Assistencial Saravida, \u00e9 uma organiza\u00e7\u00e3o n\u00e3o governamental, sem fins lucrativos que trabalha com preven\u00e7\u00e3o, tratamento e reinser\u00e7\u00e3o de usu\u00e1rios de drogas e seus familiares, como co-dependentes e base de vida do ser humano, independente de sexo, idade, credo ou condi\u00e7\u00e3o social, de forma gratuita, tamb\u00e9m alerta a sociedade sobre a problem\u00e1tica do uso<a href=\"http:\/\/5.189.177.133\/index.php\/institucional\/\" class=\"read-more\">Read More &#8230;<\/a><\/p>\n","protected":false},"author":1,"featured_media":0,"parent":0,"menu_order":0,"comment_status":"closed","ping_status":"closed","template":"","meta":{"_kadence_starter_templates_imported_post":false,"footnotes":""},"class_list":["post-106","page","type-page","status-publish","hentry"],"_links":{"self":[{"href":"http:\/\/5.189.177.133\/index.php\/wp-json\/wp\/v2\/pages\/106","targetHints":{"allow":["GET"]}}],"collection":[{"href":"http:\/\/5.189.177.133\/index.php\/wp-json\/wp\/v2\/pages"}],"about":[{"href":"http:\/\/5.189.177.133\/index.php\/wp-json\/wp\/v2\/types\/page"}],"author":[{"embeddable":true,"href":"http:\/\/5.189.177.133\/index.php\/wp-json\/wp\/v2\/users\/1"}],"replies":[{"embeddable":true,"href":"http:\/\/5.189.177.133\/index.php\/wp-json\/wp\/v2\/comments?post=106"}],"version-history":[{"count":0,"href":"http:\/\/5.189.177.133\/index.php\/wp-json\/wp\/v2\/pages\/106\/revisions"}],"wp:attachment":[{"href":"http:\/\/5.189.177.133\/index.php\/wp-json\/wp\/v2\/media?parent=106"}],"curies":[{"name":"wp","href":"https:\/\/api.w.org\/{rel}","templated":true}]}}