{"id":5766,"date":"2017-11-16T01:56:06","date_gmt":"2017-11-16T04:56:06","guid":{"rendered":"http:\/\/saravida.org.br\/?page_id=5766"},"modified":"2017-11-16T01:56:06","modified_gmt":"2017-11-16T04:56:06","slug":"inscricao","status":"publish","type":"page","link":"http:\/\/5.189.177.133\/index.php\/inscricao\/","title":{"rendered":"Inscri\u00e7\u00e3o"},"content":{"rendered":"<div id=\"pl-5766\"  class=\"panel-layout\" >\n<div id=\"pg-5766-0\"  class=\"panel-grid panel-no-style\"  data-style=\"{&quot;background_display&quot;:&quot;tile&quot;,&quot;cell_alignment&quot;:&quot;center&quot;}\" >\n<div id=\"pgc-5766-0-0\"  class=\"panel-grid-cell\"  data-weight=\"1\" >\n<div id=\"panel-5766-0-0-0\" class=\"so-panel widget widget_text panel-first-child panel-last-child\" data-index=\"0\" data-style=\"{&quot;widget_css&quot;:&quot;center&quot;,&quot;background_display&quot;:&quot;tile&quot;}\" >\n<h3 class=\"widget-title\">Semin\u00e1rio Fam\u00edlia Educa Escola Ensina<\/h3>\n<div class=\"textwidget\"><\/div>\n<\/p><\/div>\n<\/div>\n<\/div>\n<div id=\"pg-5766-1\"  class=\"panel-grid panel-no-style\"  data-style=\"{&quot;background_display&quot;:&quot;tile&quot;,&quot;cell_alignment&quot;:&quot;flex-start&quot;}\" >\n<div id=\"pgc-5766-1-0\"  class=\"panel-grid-cell\"  data-weight=\"0.5\" >\n<div id=\"panel-5766-1-0-0\" class=\"so-panel widget widget_sow-image panel-first-child panel-last-child\" data-index=\"1\" data-style=\"{&quot;background_display&quot;:&quot;tile&quot;}\" >\n<div class=\"so-widget-sow-image so-widget-sow-image-default-eef982a7180b\">\n<div class=\"sow-image-container\">\n\t<img loading=\"lazy\" decoding=\"async\" src=\"http:\/\/5.189.177.133\/wp-content\/uploads\/2017\/11\/guilherme_schelb_.jpg\" width=\"696\" height=\"407\" srcset=\"http:\/\/5.189.177.133\/wp-content\/uploads\/2017\/11\/guilherme_schelb_.jpg 696w, http:\/\/5.189.177.133\/wp-content\/uploads\/2017\/11\/guilherme_schelb_-300x175.jpg 300w\" sizes=\"auto, (max-width: 696px) 100vw, 696px\" alt=\"Guilherme Schelb\" \t\tclass=\"so-widget-image\"\/>\n<\/div>\n<\/div>\n<\/div>\n<\/div>\n<div id=\"pgc-5766-1-1\"  class=\"panel-grid-cell\"  data-weight=\"0.5\" >\n<div id=\"panel-5766-1-1-0\" class=\"so-panel widget widget_text panel-first-child\" data-index=\"2\" data-style=\"{&quot;background_display&quot;:&quot;tile&quot;}\" >\n<h3 class=\"widget-title\">Guilherme Schelb<\/h3>\n<div class=\"textwidget\">\n<p><strong>Procurador Regional da Republica<br \/>\n<\/strong>Um dos maiores nomes em defesa do direto da fam\u00edlia.<\/p>\n<\/div><\/div>\n<div id=\"panel-5766-1-1-1\" class=\"so-panel widget widget_text\" data-index=\"3\" data-style=\"{&quot;padding&quot;:&quot;0px 0px 10px 0px&quot;,&quot;background_display&quot;:&quot;tile&quot;}\" >\n<div class=\"panel-widget-style panel-widget-style-for-5766-1-1-1\" >\n<h3 class=\"widget-title\">Dia 28.11 \u00e0s 15h<\/h3>\n<div class=\"textwidget\"><\/div>\n<\/p><\/div>\n<\/div>\n<div id=\"panel-5766-1-1-2\" class=\"so-panel widget widget_text\" data-index=\"4\" data-style=\"{&quot;background_display&quot;:&quot;tile&quot;}\" >\n<h3 class=\"widget-title\">Mais informa\u00e7\u00f5es:<\/h3>\n<div class=\"textwidget\">\n<p>(81) 3222-2728<\/p>\n<\/div><\/div>\n<div id=\"panel-5766-1-1-3\" class=\"so-panel widget widget_text panel-last-child\" data-index=\"5\" data-style=\"{&quot;background_image_attachment&quot;:false,&quot;background_display&quot;:&quot;tile&quot;}\" >\n<h3 class=\"widget-title\">Valor da Inscri\u00e7\u00e3o<\/h3>\n<div class=\"textwidget\">\n<p>R$ 30,00 (coffee break e certificado inclusos)<\/p>\n<\/div><\/div>\n<\/div>\n<\/div>\n<div id=\"pg-5766-2\"  class=\"panel-grid panel-has-style\"  data-style=\"{&quot;padding&quot;:&quot;0% 0% 0% 0%&quot;,&quot;background_display&quot;:&quot;tile&quot;,&quot;cell_alignment&quot;:&quot;center&quot;}\" >\n<div class=\"panel-row-style panel-row-style-for-5766-2\" >\n<div id=\"pgc-5766-2-0\"  class=\"panel-grid-cell\"  data-weight=\"1\" >\n<div id=\"panel-5766-2-0-0\" class=\"so-panel widget widget_text panel-first-child panel-last-child\" data-index=\"6\" data-style=\"{&quot;widget_css&quot;:&quot;center&quot;,&quot;background_display&quot;:&quot;tile&quot;}\" >\n<h3 class=\"widget-title\">Local do evento<\/h3>\n<div class=\"textwidget\">\n<p>Recife &#8211; PE (aguarde o endere\u00e7o completo)<\/p>\n<\/div><\/div>\n<\/div>\n<\/div>\n<\/div>\n<div id=\"pg-5766-3\"  class=\"panel-grid panel-has-style\"  data-style=\"{&quot;background_display&quot;:&quot;tile&quot;,&quot;row_stretch&quot;:&quot;full-stretched&quot;,&quot;cell_alignment&quot;:&quot;flex-start&quot;}\" >\n<div class=\"siteorigin-panels-stretch thim-fix-stretched panel-row-style panel-row-style-for-5766-3\" data-stretch-type=\"full-stretched\" >\n<div id=\"pgc-5766-3-0\"  class=\"panel-grid-cell\"  data-weight=\"1\" >\n<div id=\"panel-5766-3-0-0\" class=\"so-panel widget widget_google-map panel-first-child panel-last-child\" data-index=\"7\" data-style=\"{&#34;background_display&#34;:&#34;tile&#34;}\" >\n<div class=\"thim-widget-google-map thim-widget-google-map-base\">\n<div class=\"kcf-module\">\n<div\n\t\t\tclass=\"ob-google-map-canvas\"\n\t\t\tstyle=\"height:300px;\"\n\t\t\tid=\"ob-map-canvas-2cca262012e0dc9f4aa7bc7edc0f4c2a\"\n\t\t\t\t\t\t\t\t\t\t\t\tdata-address=\"Rua do Sossego, 239 - Boa Vista, Recife - PE, CEP 52120-092\"\t\t\t\t\t\t\t\t\t\t\t\t\t\t\t\tdata-zoom=\"15\"\t\t\t\t\t\t\t\t\t\t\t\t\t\t\t\tdata-scroll-zoom=\"1\"\t\t\t\t\t\t\t\t\t\t\t\t\t\t\t\tdata-draggable=\"1\"\t\t\t\t\t\t\t\t\t\t\t\t\t\t\t\t\t\t\t\t\t\t\tdata-marker-at-center=\"1\"\t\t\t\t\t\t\t\t\t\t\t\t\t\t\t\tdata-marker-positions=\"false\"\t\t\t\t\t\t\t\t\t\t\t\t\t\t\t\tdata-api-key=\"AIzaSyAJLBZVWXcdMJF3oHiSZH3gKRRdlzp4aTM\"\t\t\t\t\t\t\t\t\t><\/div>\n<\/p><\/div>\n<\/p><\/div>\n<\/div>\n<\/div>\n<\/div>\n<\/div>\n<div id=\"pg-5766-4\"  class=\"panel-grid panel-has-style\"  data-style=\"{&quot;padding&quot;:&quot;0% 0% 0% 0%&quot;,&quot;background&quot;:&quot;#eaeaea&quot;,&quot;background_display&quot;:&quot;tile&quot;,&quot;row_stretch&quot;:&quot;full&quot;,&quot;cell_alignment&quot;:&quot;center&quot;}\"  data-ratio=\"0.30901699\"  data-ratio-direction=\"left\" >\n<div class=\"siteorigin-panels-stretch panel-row-style panel-row-style-for-5766-4\" data-stretch-type=\"full\" >\n<div id=\"pgc-5766-4-0\"  class=\"panel-grid-cell\"  data-weight=\"0.2360679749466\" >\n<div id=\"panel-5766-4-0-0\" class=\"so-panel widget widget_single-images panel-first-child panel-last-child\" data-index=\"8\" data-style=\"{&#34;background_display&#34;:&#34;tile&#34;}\" >\n<div class=\"thim-widget-single-images thim-widget-single-images-base\">\n<div class=\"thim-single-image effect-hover\">\n<div class=\"wrapper-image\">\n<div class=\"single-image right\"><img src =\"http:\/\/5.189.177.133\/wp-content\/uploads\/2017\/11\/Guilherme-Schelb.jpg\" width=\"134\" height=\"137\" alt=\"\"\/><\/div>\n<\/div>\n<\/div>\n<\/div>\n<\/div>\n<\/div>\n<div id=\"pgc-5766-4-1\"  class=\"panel-grid-cell\"  data-weight=\"0.7639320250534\" >\n<div id=\"panel-5766-4-1-0\" class=\"so-panel widget widget_text panel-first-child panel-last-child\" data-index=\"9\" data-style=\"{&quot;widget_css&quot;:&quot;center&quot;,&quot;background_display&quot;:&quot;tile&quot;}\" >\n<h3 class=\"widget-title\">Guilherme Zanina Schelb<\/h3>\n<div class=\"textwidget\">\n<p>&nbsp;<\/p>\n<p>\uf096 Procurador Regional da Rep\u00fablica no Distrito Federal<br \/>\n\uf096 Promotor de Justi\u00e7a da Inf\u00e2ncia em Bras\u00edlia de 1992 a 1995<br \/>\n\uf096 Formado em Direito pela Universidade de Bras\u00edlia<br \/>\n\uf096 Mestre em Direito Constitucional pela Universidade Federal do Paran\u00e1<br \/>\n\uf096 Especialista em Seguran\u00e7a P\u00fablica<br \/>\n\uf096 Fluente Ingl\u00eas e Alem\u00e3o<\/p>\n<p>Autor e Coordenador do Blog: www.infanciaefamilia.com.br<\/p>\n<p>&nbsp;<\/p>\n<\/div><\/div>\n<\/div>\n<\/div>\n<\/div>\n<div id=\"pg-5766-5\"  class=\"panel-grid panel-has-style\"  data-style=\"{&quot;padding&quot;:&quot;0% 0% 0% 0%&quot;,&quot;background_display&quot;:&quot;tile&quot;,&quot;row_stretch&quot;:&quot;full&quot;,&quot;cell_alignment&quot;:&quot;flex-start&quot;}\"  data-ratio=\"1\"  data-ratio-direction=\"left\" >\n<div class=\"siteorigin-panels-stretch panel-row-style panel-row-style-for-5766-5\" data-stretch-type=\"full\" >\n<div id=\"pgc-5766-5-0\"  class=\"panel-grid-cell\"  data-weight=\"0.5\" >\n<div id=\"panel-5766-5-0-0\" class=\"so-panel widget widget_text panel-first-child panel-last-child\" data-index=\"10\" data-style=\"{&quot;widget_css&quot;:&quot;center&quot;,&quot;background_display&quot;:&quot;tile&quot;}\" >\n<div class=\"textwidget\">\n<p><strong>OBRAS<\/strong><\/p>\n<ul>\n<li>Manual do Professor<\/li>\n<li>Tudo o que a escola precisa saber sobre as Leis e a Justi\u00e7a.<\/li>\n<li>Fam\u00edlia Educa, Escola Ensina<\/li>\n<li>Fam\u00edlia e a Educa\u00e7\u00e3o devem ser aliadas.<\/li>\n<li>Orienta\u00e7\u00f5es Sobre Sexualidade Infantil: Limites e Desafios<\/li>\n<li>Orienta\u00e7\u00f5es ao Lidar com a crian\u00e7a em desenvolvimento sexual ou\u00a0especial ou precoce.<\/li>\n<li>Conflitos e Viol\u00eancia na Escola<\/li>\n<li>Guia legal e pr\u00e1tico para Professores e Fam\u00edlia.<\/li>\n<li>Solu\u00e7\u00f5es para Conflitos<\/li>\n<li>Situa\u00e7\u00f5es de risco que podem ocorrer com qualquer pessoa, inclusive\u00a0voc\u00ea.<\/li>\n<li>DVD e Revista em Quadrinhos Vol. 1<\/li>\n<li>8 hist\u00f3rias reais com orienta\u00e7\u00f5es legais e pr\u00e1ticas<\/li>\n<li>V\u00edtimas da Viol\u00eancia<\/li>\n<li>DVD e Revista em Quadrinhos Vol. 2<\/li>\n<li>Como investigar casos suspeitos\u00a0Baseado em hist\u00f3rias reais<\/li>\n<\/ul>\n<\/div><\/div>\n<\/div>\n<div id=\"pgc-5766-5-1\"  class=\"panel-grid-cell\"  data-weight=\"0.5\" >\n<div id=\"panel-5766-5-1-0\" class=\"so-panel widget widget_text panel-first-child panel-last-child\" data-index=\"11\" data-style=\"{&quot;widget_css&quot;:&quot;center&quot;,&quot;background_display&quot;:&quot;tile&quot;}\" >\n<div class=\"textwidget\">\n<p><strong>CURSOS E\u00a0PALESTRAS<\/strong><\/p>\n<p>Estrat\u00e9gias para a Preven\u00e7\u00e3o da Viol\u00eancia em Escolas,\u00a0Universidades, Hospitais e Pol\u00edcias Civil e Militar<br \/>\nLocais:<\/p>\n<ul>\n<li>UNB \u2013 Universidade de Bras\u00edlia<\/li>\n<li>USA e Alemanha<\/li>\n<li>C\u00e2mara dos Deputados<\/li>\n<li>Col\u00e9gio Marista (DF),<\/li>\n<li>Col\u00e9gio Militar (DF),<\/li>\n<li>Col\u00e9gio Batista (DF),<\/li>\n<li>Col\u00e9gio\u00a0Mackezie (SP e DF),<\/li>\n<li>Col\u00e9gio Sigma (DF),<\/li>\n<li>Instituto Educacional Santo Elias (DF)<\/li>\n<li>Col\u00e9gio Madre Carmen Sall\u00e9s (DF)<\/li>\n<li>Rede de Ensino Pit\u00e1goras \u2013 Gestores Escolares<\/li>\n<li>Secretaria de Educa\u00e7\u00e3o de Bras\u00edlia<\/li>\n<li>Secretarias Estaduais de Educa\u00e7\u00e3o: S\u00e3o Paulo, Goi\u00e1s, Bras\u00edlia e Paran\u00e1.<\/li>\n<li>Minist\u00e9rio P\u00fablico da Para\u00edba, Goi\u00e1s e Rond\u00f4nia.<\/li>\n<li>Prefeituras de: Londrina\/PR, Curitiba\/PR, Una\u00ed\/MG, Balne\u00e1rio<\/li>\n<li>Camburi\u00fa\/SC, Piracicaba\/SP, Valpara\u00edso\/GO e Rolim de Moura\/RO<\/li>\n<li>Todos os Coordenadores Pedag\u00f3gicos dos Col\u00e9gios Militares do Ex\u00e9rcito Brasileiro<\/li>\n<\/ul>\n<p>&nbsp;<\/p>\n<\/div><\/div>\n<\/div>\n<\/div>\n<\/div>\n<\/div>\n","protected":false},"excerpt":{"rendered":"<p>Semin\u00e1rio Fam\u00edlia Educa Escola Ensina Guilherme Schelb Procurador Regional da Republica Um dos maiores nomes em defesa do direto da fam\u00edlia. Dia 28.11 \u00e0s 15h Mais informa\u00e7\u00f5es: (81) 3222-2728 Valor da Inscri\u00e7\u00e3o R$ 30,00 (coffee break e certificado inclusos) Local do evento Recife &#8211; PE (aguarde o endere\u00e7o completo) Guilherme Zanina Schelb &nbsp; \uf096 Procurador<a href=\"http:\/\/5.189.177.133\/index.php\/inscricao\/\" class=\"read-more\">Read More &#8230;<\/a><\/p>\n","protected":false},"author":1,"featured_media":0,"parent":0,"menu_order":0,"comment_status":"closed","ping_status":"closed","template":"","meta":{"_kadence_starter_templates_imported_post":false,"footnotes":""},"class_list":["post-5766","page","type-page","status-publish","hentry"],"_links":{"self":[{"href":"http:\/\/5.189.177.133\/index.php\/wp-json\/wp\/v2\/pages\/5766","targetHints":{"allow":["GET"]}}],"collection":[{"href":"http:\/\/5.189.177.133\/index.php\/wp-json\/wp\/v2\/pages"}],"about":[{"href":"http:\/\/5.189.177.133\/index.php\/wp-json\/wp\/v2\/types\/page"}],"author":[{"embeddable":true,"href":"http:\/\/5.189.177.133\/index.php\/wp-json\/wp\/v2\/users\/1"}],"replies":[{"embeddable":true,"href":"http:\/\/5.189.177.133\/index.php\/wp-json\/wp\/v2\/comments?post=5766"}],"version-history":[{"count":0,"href":"http:\/\/5.189.177.133\/index.php\/wp-json\/wp\/v2\/pages\/5766\/revisions"}],"wp:attachment":[{"href":"http:\/\/5.189.177.133\/index.php\/wp-json\/wp\/v2\/media?parent=5766"}],"curies":[{"name":"wp","href":"https:\/\/api.w.org\/{rel}","templated":true}]}}