{"id":7576,"date":"2020-07-06T09:36:07","date_gmt":"2020-07-06T12:36:07","guid":{"rendered":"https:\/\/saravida.org.br\/?page_id=7576"},"modified":"2020-07-06T09:36:07","modified_gmt":"2020-07-06T12:36:07","slug":"transparencia","status":"publish","type":"page","link":"http:\/\/5.189.177.133\/index.php\/institucional\/transparencia\/","title":{"rendered":"Transpar\u00eancia"},"content":{"rendered":"<p><img loading=\"lazy\" decoding=\"async\" width=\"1024\" height=\"319\" src=\"http:\/\/5.189.177.133\/wp-content\/uploads\/2020\/04\/voluntarios-damares-1024x319-3.jpg\" alt=\"Damares\" srcset=\"http:\/\/5.189.177.133\/wp-content\/uploads\/2020\/04\/voluntarios-damares-1024x319-3.jpg 1024w, https:\/\/saravida.org.br\/wp-content\/uploads\/2020\/04\/voluntarios-damares-1024x319-3-300x93.jpg 300w, https:\/\/saravida.org.br\/wp-content\/uploads\/2020\/04\/voluntarios-damares-1024x319-3-768x239.jpg 768w\" sizes=\"auto, (max-width: 1024px) 100vw, 1024px\" \/>\t\t\t\t\t\t\t\t\t\t\t\t\t\t\t<\/p>\n<h3 style=\"text-align: center;\"><a href=\"https:\/\/saravida.org.br\/wp-content\/uploads\/2020\/07\/SARAVIDA-BALAN%C3%87O-PATRIMONIAL-2019-2018.pdf\">Balan\u00e7o Patrimonial 2018-2019<\/a><\/h3>\n<p><a href=\"http:\/\/5.189.177.133\/wp-content\/uploads\/2020\/07\/SARAVIDA-BALANCO-PATRIMONIAL-2019-2018.pdf\"><img loading=\"lazy\" decoding=\"async\" title=\"doc\" src=\"http:\/\/5.189.177.133\/wp-content\/uploads\/2020\/07\/iconedoc.png\" alt=\"doc\" width=\"159\" height=\"158\" \/><\/a><\/p>\n<h3><a href=\"http:\/\/5.189.177.133\/wp-content\/uploads\/2020\/07\/SARAVIDA-DEMONSTRATIVO-DE-RESULTADOS-ANUAIS-2019.2018.pdf\">Demonstrativo de Resultados 2018-2019<\/a><\/h3>\n<h3><a href=\"http:\/\/5.189.177.133\/wp-content\/uploads\/2020\/07\/SARAVIDA-DEMONSTRATIVO-DE-RESULTADOS-ANUAIS-2019.2018.pdf\"><img loading=\"lazy\" decoding=\"async\" title=\"doc\" src=\"http:\/\/5.189.177.133\/wp-content\/uploads\/2020\/07\/iconedoc.png\" alt=\"doc\" width=\"159\" height=\"159\" \/><\/a><\/h3>\n<h3><a href=\"http:\/\/5.189.177.133\/wp-content\/uploads\/2022\/07\/REGULAMENTO-DE-COMPRAS-E-AQUISICOES-SARAVIDA.pdf\">Regulamento de compras e aquisi\u00e7\u00f5es<\/a><\/h3>\n<h3><a href=\"http:\/\/5.189.177.133\/wp-content\/uploads\/2022\/07\/REGULAMENTO-DE-COMPRAS-E-AQUISICOES-SARAVIDA.pdf\"><img loading=\"lazy\" decoding=\"async\" title=\"doc\" src=\"http:\/\/5.189.177.133\/wp-content\/uploads\/2020\/07\/iconedoc.png\" alt=\"doc\" width=\"159\" height=\"159\" \/><\/a><\/h3>\n","protected":false},"excerpt":{"rendered":"<p>Balan\u00e7o Patrimonial 2018-2019 Demonstrativo de Resultados 2018-2019 Regulamento de compras e aquisi\u00e7\u00f5es<\/p>\n","protected":false},"author":1,"featured_media":0,"parent":106,"menu_order":0,"comment_status":"closed","ping_status":"closed","template":"","meta":{"_kadence_starter_templates_imported_post":false,"footnotes":""},"class_list":["post-7576","page","type-page","status-publish","hentry"],"_links":{"self":[{"href":"http:\/\/5.189.177.133\/index.php\/wp-json\/wp\/v2\/pages\/7576","targetHints":{"allow":["GET"]}}],"collection":[{"href":"http:\/\/5.189.177.133\/index.php\/wp-json\/wp\/v2\/pages"}],"about":[{"href":"http:\/\/5.189.177.133\/index.php\/wp-json\/wp\/v2\/types\/page"}],"author":[{"embeddable":true,"href":"http:\/\/5.189.177.133\/index.php\/wp-json\/wp\/v2\/users\/1"}],"replies":[{"embeddable":true,"href":"http:\/\/5.189.177.133\/index.php\/wp-json\/wp\/v2\/comments?post=7576"}],"version-history":[{"count":0,"href":"http:\/\/5.189.177.133\/index.php\/wp-json\/wp\/v2\/pages\/7576\/revisions"}],"up":[{"embeddable":true,"href":"http:\/\/5.189.177.133\/index.php\/wp-json\/wp\/v2\/pages\/106"}],"wp:attachment":[{"href":"http:\/\/5.189.177.133\/index.php\/wp-json\/wp\/v2\/media?parent=7576"}],"curies":[{"name":"wp","href":"https:\/\/api.w.org\/{rel}","templated":true}]}}