{"id":8016,"date":"2022-12-07T16:02:57","date_gmt":"2022-12-07T19:02:57","guid":{"rendered":"https:\/\/saravida.org.br\/?page_id=8016"},"modified":"2022-12-07T16:02:57","modified_gmt":"2022-12-07T19:02:57","slug":"editais-e-atas-2","status":"publish","type":"page","link":"http:\/\/5.189.177.133\/index.php\/editais-e-atas-2\/","title":{"rendered":"Editais e atas"},"content":{"rendered":"<p><a href=\"http:\/\/5.189.177.133\/wp-content\/uploads\/2024\/02\/Em-resposata-ao-Oficio-Circular-02-2024.pdf\"><br \/>\n\t\t\t\t\t\t<\/a><\/p>\n<h6><a href=\"http:\/\/5.189.177.133\/wp-content\/uploads\/2024\/02\/Em-resposata-ao-Oficio-Circular-02-2024.pdf\">Of\u00edcio 02\/2024<br \/>\n<\/a><\/h6>\n<p>\t\t\t<a href=\"http:\/\/5.189.177.133\/wp-content\/uploads\/2024\/01\/ATA_DE_RESULTADO-CPP-REG_001.2024_assinado.pdf\"><br \/>\n\t\t\t\t\t\t<\/a><\/p>\n<h6><a href=\"http:\/\/5.189.177.133\/wp-content\/uploads\/2024\/01\/ATA_DE_RESULTADO-CPP-REG_001.2024_assinado.pdf\">ATA DE RESULTADO &#8211; COTA\u00c7\u00c3O PR\u00c9VIA DE PRE\u00c7OS-REGISTRO N\u00ba 001\/2024<br \/>\n<\/a><\/h6>\n<p>\t\t\t<a href=\"https:\/\/saravida.orghttp:\/\/5.189.177.133\/wp-content\/uploads\/2024\/01\/PLANILHA_ORCAMENTARIA_001_2024_assinado.pdfbr\/wp-content\/uploads\/2024\/01\/COTACAO-PREVIA-DE-PRECOS-001-2024-CONVENIO-930008-2022_assinado_assinado.pdf\"><br \/>\n\t\t\t\t\t\t<\/a><\/p>\n<h6><a href=\"https:\/\/saravida.org.br\/wp-content\/uploads\/2024\/01\/COTACAO-PREVIA-DE-PRECOS-001-2024-CONVENIO-930008-2022_assinado_assinado.pdf\">COTA\u00c7\u00c3O PR\u00c9VIA DE PRE\u00c7OS &#8211; REGISTRO N\u00ba 001\/2024<\/a><\/h6>\n<p>\t\t\t<a href=\"http:\/\/5.189.177.133\/wp-content\/uploads\/2023\/12\/ilovepdf_merged_compressed.pdf\"><br \/>\n\t\t\t\t\t\t<\/a><\/p>\n<h6><a href=\"http:\/\/5.189.177.133\/wp-content\/uploads\/2023\/07\/EXTRATO-HOMOLOGACAO-E-ADJUDICACAO.pdf\">Presta\u00e7\u00e3o de Contas Parcial Termo de Colabora\u00e7\u00e3o  N\u00ba006\/2022-SMAS<br \/>\n<\/a><\/h6>\n<p>\t\t\t<a href=\"http:\/\/5.189.177.133\/wp-content\/uploads\/2024\/01\/PLANILHA_ORCAMENTARIA_001_2024_assinado.pdf\"><br \/>\n\t\t\t\t\t\t<\/a><\/p>\n<h6><a href=\"http:\/\/5.189.177.133\/wp-content\/uploads\/2024\/01\/PLANILHA_ORCAMENTARIA_001_2024_assinado.pdf\">OR\u00c7AMENTO DETALHADO REGISTRO N\u00ba 001\/2024 \u2013 META 1 \u2013 ETAPA 1 \u2013 ETAPA 2 \u2013 ETAPA 3<\/a><\/h6>\n<p>\t\t\t<a href=\"http:\/\/5.189.177.133\/wp-content\/uploads\/2024\/01\/EXTRATO_HOMOLOGACAO_E_ADJUDICACAO_CPP_REGISTRO_NC2BA_001_2024_assinado.pdf\"><br \/>\n\t\t\t\t\t\t<\/a><\/p>\n<h6><a href=\"http:\/\/5.189.177.133\/wp-content\/uploads\/2024\/01\/EXTRATO_HOMOLOGACAO_E_ADJUDICACAO_CPP_REGISTRO_NC2BA_001_2024_assinado.pdf\">EXTRATO DE HOMOLOGA\u00c7\u00c3O<br \/>\n<\/a><\/h6>\n<p>\t\t\t<a href=\"http:\/\/5.189.177.133\/wp-content\/uploads\/2023\/11\/DISTRATO_CONTRATUAL_-_IBART_X_SARAVIDA_assinado_assinado.pdf\"><br \/>\n\t\t\t\t\t\t<\/a><\/p>\n<h6><a href=\"http:\/\/5.189.177.133\/wp-content\/uploads\/2023\/11\/DISTRATO_CONTRATUAL_-_IBART_X_SARAVIDA_assinado_assinado.pdf\">DISTRATO CONTRATUAL<\/a><\/h6>\n<p>\t\t\t<a href=\"http:\/\/5.189.177.133\/wp-content\/uploads\/2023\/07\/ATA-HOMOLOGACAO-E-ADJUDICACAO.pdf\"><br \/>\n\t\t\t\t\t\t<\/a><\/p>\n<h6><a href=\"http:\/\/5.189.177.133\/wp-content\/uploads\/2023\/07\/ATA-HOMOLOGACAO-E-ADJUDICACAO.pdf\">ATA DE HOMOLOGACAO E ADJUDICACAO<\/a><\/h6>\n<p>\t\t\t<a href=\"http:\/\/5.189.177.133\/wp-content\/uploads\/2023\/07\/EXTRATO-HOMOLOGACAO-E-ADJUDICACAO.pdf\"><br \/>\n\t\t\t\t\t\t<\/a><\/p>\n<h6><a href=\"http:\/\/5.189.177.133\/wp-content\/uploads\/2023\/07\/EXTRATO-HOMOLOGACAO-E-ADJUDICACAO.pdf\">EXTRATO DE HOMOLOGACAO E ADJUDICACAO<br \/>\n<\/a><\/h6>\n<p>\t\t\t<a href=\"http:\/\/5.189.177.133\/wp-content\/uploads\/2023\/07\/PLANILHA-ORCAMENTARIA-REFORMA.pdf\"><br \/>\n\t\t\t\t\t\t<\/a><\/p>\n<h6><a href=\"http:\/\/5.189.177.133\/wp-content\/uploads\/2023\/07\/PLANILHA-ORCAMENTARIA-REFORMA.pdf\">PLANILHA ORC\u0327AMENTA\u0301RIA REFORMA<\/a><\/h6>\n<p>\t\t\t<a href=\"http:\/\/5.189.177.133\/wp-content\/uploads\/2023\/06\/Cotacao-Previa-001_2023.pdf\"><br \/>\n\t\t\t\t\t\t<\/a><\/p>\n<h6><a href=\"http:\/\/5.189.177.133\/wp-content\/uploads\/2023\/06\/Cotacao-Previa-001_2023.pdf\">COTA\u00c7\u00c3O PR\u00c9VIA DE PRE\u00c7OS &#8211; REGISTRO N\u00ba 001-2023<\/a><\/h6>\n<p>\t\t\t<a href=\"http:\/\/5.189.177.133\/wp-content\/uploads\/2022\/07\/REGULAMENTO-DE-COMPRAS-E-AQUISICOES-SARAVIDA.pdf\"><br \/>\n\t\t\t\t\t\t<\/a><\/p>\n<h6>REGULAMENTO DE COMPRAS E AQUISI\u00c7\u00d5ES<\/h6>\n<p>\t\t\t<a href=\"http:\/\/5.189.177.133\/wp-content\/uploads\/2022\/07\/REGULAMENTO-DE-COMPRAS-E-AQUISICOES-SARAVIDA.pdf\"><br \/>\n\t\t\t\t\t\t<\/a><\/p>\n<h6><a href=\"http:\/\/5.189.177.133\/wp-content\/uploads\/2022\/11\/COTACAO-PREVIA-DE-PRECOS-REGISTRO-No-001-2022.pdf\">COTA\u00c7\u00c3O PR\u00c9VIA DE PRE\u00c7OS &#8211; REGISTRO N\u00ba 001-2022<br \/>\n<\/a><\/h6>\n<p>\t\t\t<a href=\"http:\/\/5.189.177.133\/wp-content\/uploads\/2022\/07\/REGULAMENTO-DE-COMPRAS-E-AQUISICOES-SARAVIDA.pdf\"><br \/>\n\t\t\t\t\t\t<\/a><\/p>\n<h6><a href=\"http:\/\/5.189.177.133\/wp-content\/uploads\/2022\/11\/COTACAO-PREVIA-DE-PRECOS-REGISTRO-No-002-2022.pdf\">COTA\u00c7\u00c3O PR\u00c9VIA DE PRE\u00c7OS &#8211; REGISTRO N\u00ba 002-2022<br \/>\n<\/a><\/h6>\n<p>\t\t\t<a href=\"http:\/\/5.189.177.133\/wp-content\/uploads\/2022\/07\/REGULAMENTO-DE-COMPRAS-E-AQUISICOES-SARAVIDA.pdf\"><br \/>\n\t\t\t\t\t\t<\/a><\/p>\n<h6><a href=\"http:\/\/5.189.177.133\/wp-content\/uploads\/2022\/11\/COTACAO-PREVIA-DE-PRECOS-REGISTRO-No-003-2022.pdf\">COTA\u00c7\u00c3O PR\u00c9VIA DE PRE\u00c7OS &#8211; REGISTRO N\u00ba 003-2022<br \/>\n<\/a><\/h6>\n<p>\t\t\t<a href=\"http:\/\/5.189.177.133\/wp-content\/uploads\/2022\/07\/REGULAMENTO-DE-COMPRAS-E-AQUISICOES-SARAVIDA.pdf\"><br \/>\n\t\t\t\t\t\t<\/a><\/p>\n<h6><a href=\"http:\/\/5.189.177.133\/wp-content\/uploads\/2022\/12\/COTACAO-PREVIA-DE-PRECOS-REGISTRO-No-004-2022-CONVENIO-930008-2022.pdf\">COTA\u00c7\u00c3O PR\u00c9VIA DE PRE\u00c7OS &#8211; REGISTRO N\u00ba 004-2022<br \/>\n<\/a><\/h6>\n<p>\t\t\t<a href=\"http:\/\/5.189.177.133\/wp-content\/uploads\/2022\/07\/REGULAMENTO-DE-COMPRAS-E-AQUISICOES-SARAVIDA.pdf\"><br \/>\n\t\t\t\t\t\t<\/a><\/p>\n<h6><a href=\"http:\/\/5.189.177.133\/wp-content\/uploads\/2022\/12\/COTACAO-PREVIA-DE-PRECOS-REGISTRO-No-005-2022-CONVENIO-930008-2022.pdf\">COTA\u00c7\u00c3O PR\u00c9VIA DE PRE\u00c7OS &#8211; REGISTRO N\u00ba 005-2022<\/a><\/h6>\n<p>\t\t\t<a href=\"http:\/\/5.189.177.133\/wp-content\/uploads\/2022\/07\/REGULAMENTO-DE-COMPRAS-E-AQUISICOES-SARAVIDA.pdf\"><br \/>\n\t\t\t\t\t\t<\/a><\/p>\n<h6><a href=\"http:\/\/5.189.177.133\/wp-content\/uploads\/2022\/12\/COTACAO-PREVIA-DE-PRECOS-REGISTRO-No-006-2022-CONVENIO-930008-2022.pdf\">COTA\u00c7\u00c3O PR\u00c9VIA DE PRE\u00c7OS &#8211; REGISTRO N\u00ba 006-2022<\/a><\/h6>\n<p>\t\t\t<a href=\"http:\/\/5.189.177.133\/wp-content\/uploads\/2023\/03\/COTACAO_PREVIA_DE_PRECOS_REGISTRO_No_007_2022_CONVENIO_930008_2022.pdf\"><br \/>\n\t\t\t\t\t\t<\/a><\/p>\n<h6><a href=\"http:\/\/5.189.177.133\/wp-content\/uploads\/2023\/03\/COTACAO_PREVIA_DE_PRECOS_REGISTRO_No_007_2022_CONVENIO_930008_2022.pdf\">COTA\u00c7\u00c3O PR\u00c9VIA DE PRE\u00c7OS &#8211; REGISTRO N\u00ba 007-2022<\/a><\/h6>\n<p>\t\t\t<a href=\"http:\/\/5.189.177.133\/wp-content\/uploads\/2022\/07\/REGULAMENTO-DE-COMPRAS-E-AQUISICOES-SARAVIDA.pdf\"><br \/>\n\t\t\t\t\t\t<\/a><\/p>\n<h6><a href=\"http:\/\/5.189.177.133\/wp-content\/uploads\/2022\/12\/TERMO-DE-COMPARECIMENTO-DA-VISTORIA-TECNICA-DA-FONTE-1.pdf\">TERMO DE COMPARECIMENTO DA VISTORIA T\u00c9CNICA &#8211; DA FONTE<\/a><\/h6>\n<p>\t\t\t<a href=\"http:\/\/5.189.177.133\/wp-content\/uploads\/2022\/07\/REGULAMENTO-DE-COMPRAS-E-AQUISICOES-SARAVIDA.pdf\"><br \/>\n\t\t\t\t\t\t<\/a><\/p>\n<h6><a href=\"http:\/\/5.189.177.133\/wp-content\/uploads\/2022\/12\/TERMO-DE-COMPARECIMENTO-DA-VISTORIA-TECNICA-RENOVART-SOLUCOES-1.pdf\">TERMO DE COMPARECIMENTO DA VISTORIA T\u00c9CNICA &#8211; RENOVART SOLU\u00c7\u00d5ES<\/a><\/h6>\n<p>\t\t\t<a href=\"http:\/\/5.189.177.133\/wp-content\/uploads\/2022\/07\/REGULAMENTO-DE-COMPRAS-E-AQUISICOES-SARAVIDA.pdf\"><br \/>\n\t\t\t\t\t\t<\/a><\/p>\n<h6><a href=\"http:\/\/5.189.177.133\/wp-content\/uploads\/2022\/12\/TERMO-DE-COMPARECIMENTO-DA-VISTORIA-TECNICA-NBL-CONSTRUCOES-1.pdf\">TERMO DE COMPARECIMENTO DA VISTORIA T\u00c9CNICA &#8211; NBL CONSTRU\u00c7\u00d5ES<\/a><\/h6>\n<p>\t\t\t<a href=\"http:\/\/5.189.177.133\/wp-content\/uploads\/2022\/07\/REGULAMENTO-DE-COMPRAS-E-AQUISICOES-SARAVIDA.pdf\"><br \/>\n\t\t\t\t\t\t<\/a><\/p>\n<h6><a href=\"http:\/\/5.189.177.133\/wp-content\/uploads\/2022\/12\/ATA-DE-RESULTADO-CPP-REGISTRO-002.2022-1-1.pdf\">ATA DE RESULTADO CPP &#8211; REGISTRO 002.2022<\/a><\/h6>\n<p>\t\t\t<a href=\"http:\/\/5.189.177.133\/wp-content\/uploads\/2022\/07\/REGULAMENTO-DE-COMPRAS-E-AQUISICOES-SARAVIDA.pdf\"><br \/>\n\t\t\t\t\t\t<\/a><\/p>\n<h6><a href=\"http:\/\/5.189.177.133\/wp-content\/uploads\/2022\/12\/ATA-HOMOLOGACAO-E-ADJUDICACAO-PROCESSO-CPP-No-002_2022-1-1.pdf\">ATA HOMOLOGA\u00c7\u00c3O E ADJUDICA\u00c7\u00c3O PROCESSO CPP N\u00ba 002_2022<\/a><\/h6>\n<p>\t\t\t<a href=\"http:\/\/5.189.177.133\/wp-content\/uploads\/2022\/07\/REGULAMENTO-DE-COMPRAS-E-AQUISICOES-SARAVIDA.pdf\"><br \/>\n\t\t\t\t\t\t<\/a><\/p>\n<h6><a href=\"http:\/\/5.189.177.133\/wp-content\/uploads\/2022\/12\/EXTRATO-DE-CONTRATO-1.pdf\">EXTRATO DE CONTRATO<br \/>\n<\/a><\/h6>\n<p>\t\t\t<a href=\"http:\/\/5.189.177.133\/wp-content\/uploads\/2022\/07\/REGULAMENTO-DE-COMPRAS-E-AQUISICOES-SARAVIDA.pdf\"><br \/>\n\t\t\t\t\t\t<\/a><\/p>\n<h6><a href=\"http:\/\/5.189.177.133\/wp-content\/uploads\/2022\/12\/EXTRATO-HOMOLOGACAO-E-ADJUDICACAO-CPP-REGISTRO-No-002.2022-1.pdf\">EXTRATO HOMOLOGA\u00c7\u00c3O E ADJUDICA\u00c7\u00c3O &#8211; CPP REGISTRO N\u00ba 002.2022<br \/>\n<\/a><\/h6>\n","protected":false},"excerpt":{"rendered":"<p>Of\u00edcio 02\/2024 ATA DE RESULTADO &#8211; COTA\u00c7\u00c3O PR\u00c9VIA DE PRE\u00c7OS-REGISTRO N\u00ba 001\/2024 COTA\u00c7\u00c3O PR\u00c9VIA DE PRE\u00c7OS &#8211; REGISTRO N\u00ba 001\/2024 Presta\u00e7\u00e3o de Contas Parcial Termo de Colabora\u00e7\u00e3o N\u00ba006\/2022-SMAS OR\u00c7AMENTO DETALHADO REGISTRO N\u00ba 001\/2024 \u2013 META 1 \u2013 ETAPA 1 \u2013 ETAPA 2 \u2013 ETAPA 3 EXTRATO DE HOMOLOGA\u00c7\u00c3O DISTRATO CONTRATUAL ATA DE HOMOLOGACAO E ADJUDICACAO<a href=\"http:\/\/5.189.177.133\/index.php\/editais-e-atas-2\/\" class=\"read-more\">Read More &#8230;<\/a><\/p>\n","protected":false},"author":1,"featured_media":0,"parent":0,"menu_order":0,"comment_status":"closed","ping_status":"closed","template":"","meta":{"_kadence_starter_templates_imported_post":false,"footnotes":""},"class_list":["post-8016","page","type-page","status-publish","hentry"],"_links":{"self":[{"href":"http:\/\/5.189.177.133\/index.php\/wp-json\/wp\/v2\/pages\/8016","targetHints":{"allow":["GET"]}}],"collection":[{"href":"http:\/\/5.189.177.133\/index.php\/wp-json\/wp\/v2\/pages"}],"about":[{"href":"http:\/\/5.189.177.133\/index.php\/wp-json\/wp\/v2\/types\/page"}],"author":[{"embeddable":true,"href":"http:\/\/5.189.177.133\/index.php\/wp-json\/wp\/v2\/users\/1"}],"replies":[{"embeddable":true,"href":"http:\/\/5.189.177.133\/index.php\/wp-json\/wp\/v2\/comments?post=8016"}],"version-history":[{"count":0,"href":"http:\/\/5.189.177.133\/index.php\/wp-json\/wp\/v2\/pages\/8016\/revisions"}],"wp:attachment":[{"href":"http:\/\/5.189.177.133\/index.php\/wp-json\/wp\/v2\/media?parent=8016"}],"curies":[{"name":"wp","href":"https:\/\/api.w.org\/{rel}","templated":true}]}}